 + 10. What is y(x)?
5
Suppose 0 = 3*u + 3*q + 12, u - 1560*q = -1555*q + 14. Let r(m) = -1 + 1 + m**2 + 5*m**3. Calculate r(u).
-4
Suppose 3*u + 20 = -123*g + 124*g, -10 = 4*u + 2*g. Suppose 4*k + 3*w = 25, -5*k + 4*k + 13 = 3*w. Let y(b) = 8 + k*b + b - 2. Give y(u).
-19
Suppose c = -7*c + 192. Let u = 23 - c. Let l(g) = -8*g - 1. What is l(u)?
7
Let t be 41 + 1 - 2/3*-3. Let q = -42 + t. Suppose -18 = -5*s - 2*j - 0*j, s = j - q. Let x(d) = -d**3 + 3*d**2 - 3*d + 3. Calculate x(s).
1
Let t(j) = -j**2 - 28*j - 79. Let y(m) = m + 2. Let a(k) = -t(k) - 2*y(k). What is a(-24)?
27
Let p = 70 + -66. Suppose p*h - x - 20 = 0, 3*h = -0*h - 4*x - 4. Let f be (h/(-7) - 0)/(10/35). Let b(v) = -2*v**3 + 2*v**2 + 3*v. What is b(f)?
18
Let p(t) be the second derivative of 2/3*t**3 - 1/2*t**2 + 111*t + 0. Determine p(-1).
-5
Suppose -201 + 40 = -23*c. Suppose -11*g + 36 = c*g. Let i(q) = 6*q**2 - 4*q + 4. Let x(h) = h - 1. Let z(l) = -i(l) - 3*x(l). Determine z(g).
-23
Let r(h) = h**2 - h. Let t(j) = -j**2 - 3*j - 4. Let z be t(-4). Let q be (-3)/(-12)*-6*z/(-12). Let a be 28/49*-14*q/(-4). What is r(a)?
6
Let t be -7 - (-2 + 1 - -2). Let o be (-3)/(-15) + (-2 - 59/(-5)). Let d(n) = 33 - 15 + n + o - 20. Calculate d(t).
0
Let t(c) = -2*c**2 + 4*c - 4. Let z be ((-21)/(-63))/(((-12)/(-80))/(27/15)). Determine t(z).
-20
Let d(i) = -1. Let b(k) = -k**3 - 3*k**2 + 4*k + 4. Suppose -3*a + 2*a = a. Suppose -3*r + 3*g = a, 3*g + 10 = -r - r. Let l(j) = r*d(j) - b(j). What is l(-4)?
-2
Let v = 32 + -31. Suppose 5*f - 29 = v. Let u(r) = -3*r + f*r - 5*r + 6. Give u(5).
-4
Let q(a) = -170 + 147 - 21*a + a + 22. Calculate q(1).
-21
Let x(p) = -3*p**2 - 55*p + 115. Let q be x(2). Let l(d) = d**3 + 4*d**2 - 25*d - 6. What is l(q)?
22
Let c = -13 - -12. Let v = c + 6. Let h(a) = -a**2 - 3*a + 2*a**2 - a + 1. Determine h(v).
6
Let v(n) be the second derivative of n**4/12 - 5*n**3/3 + n**2 + 18987*n. Let o(w) = w**2 + w - 3. Let a be o(3). Give v(a).
-7
Let u(y) = -3*y**2 - 30*y + 1. Let d = -2500 - -2490. Determine u(d).
1
Let r(t) be the first derivative of -t**4/4 - 2*t**3 - 2*t**2 + 5*t + 353. Let q = -13 + 14. Let p be ((-40)/15 + q)*3. What is r(p)?
0
Let u(j) = -15*j + 4. Let i = 3119 - 3118. Calculate u(i).
-11
Suppose 6*y - 1928 = 3352. Let w = y - 882. Let n(r) = r**3 - 1. Calculate n(w).
-9
Let r(y) = -6*y - 35. Let v(s) = -15*s - 87. Let x(n) = 12*r(n) - 5*v(n). Let i be x(0). Let g(h) = -i + 3*h - 5*h + 0*h + 3*h. Calculate g(8).
-7
Let n be (-4)/2 + 285 + -277. Let s(q) = -8*q + 0*q**2 - 2*q**3 + 7*q**2 + q**3 + 14. Determine s(n).
2
Let q = -12863 - -12870. Let c(p) = p**3 - 8*p**2 - 4*p + 8. Calculate c(q).
-69
Let i(b) = b - 2*b + 2*b. Let o be ((-4)/3)/((-6)/(-27)). Let h be i(o). Let z(u) = -u**2 - 6*u + 2. Calculate z(h).
2
Let x(a) = 10*a + 47*a + 96 - 729 + 12*a. Determine x(9).
-12
Let i(k) be the third derivative of k**6/120 + 23*k**5/60 - 77*k**4/24 + 10*k**3/3 + k**2 - 9*k + 56. Calculate i(-26).
-6
Let g(w) = 4*w - 13*w + 7*w - 6. Suppose 5*r - 25 = j, 0*j = 5*j - 5*r + 125. Let c = j + 21. Calculate g(c).
2
Let l(s) = -s**3 + 13*s**2 - 13*s + 10. Suppose -x + 2*u - 49 = -59, -3*u - 45 = -4*x. What is l(x)?
-2
Let w be (46 - 47)*(-36)/(-4). Let v(s) = -s**3 - 10*s**2 - 10*s + 8. Determine v(w).
17
Let a = -2987 + 59741/20. Let k(n) be the third derivative of 0 + 1/60*n**6 - a*n**5 + 11*n**2 + 1/12*n**4 + 0*n + 0*n**3. Give k(2).
8
Let w be (4/3)/(-2)*6 + 0. Let j be (-2)/(-14) + ((-29)/7 - w). Let a(v) = -v**3 - v**2 + v + 5. Give a(j).
5
Suppose 0 = 18*h - 19*h + 5*o - 30, -6*o + 34 = -h. Let q(z) be the third derivative of z**5/60 + 5*z**4/12 - 2*z**3/3 - 6*z**2. Determine q(h).
-4
Let q(o) = 11*o**3 - 27*o**3 - 150 + 7*o + 169 - 4*o**2 + 15*o**3. Give q(-5).
9
Let i(y) = 54*y + 153. Let r be i(-3). Let a be 0/(-3*(-6)/r). Let j(s) = s + 13. Calculate j(a).
13
Let a(w) be the second derivative of -w**5/20 + 5*w**4/12 + w**3/3 - 21*w**2/2 - 51*w. Let i be a(4). Let h(v) = -v**2 + 3*v - 4. Determine h(i).
-4
Suppose -2*r + 4 = 3*z - r, -r + 8 = 5*z. Let d = 493 + -472. Let c(h) = -16*h**2 + 35*h**2 - d*h**2 + z - 7*h. Give c(-5).
-13
Let x(d) be the first derivative of d**2 + 4*d - 2. Let h = -9 - -21. Suppose -34*s + 30*s = h. What is x(s)?
-2
Let g(o) = 4*o + 2. Let r(j) = -235*j + 2584. Let s be r(11). Give g(s).
-2
Let k(i) = 4*i**2 - 1176 + 407 - 31*i + 288 + 330 + i**3. Let z be k(-5). Let c(j) = j**2 + 21*j. Calculate c(z).
0
Let k(p) = -p**2 + 27. Suppose 1170*q - 1230*q = 0. Calculate k(q).
27
Let t(r) be the third derivative of r**6/120 - 7*r**5/60 - r**4/12 + 11*r**3/6 - 116*r**2 - r - 22. Determine t(7).
-3
Suppose 2*d + 1 = 2*v + 5, 5*v = 5. Suppose 0 = -d*k + 4*j + 13, -2*j = 3*k - 7*k + 4. Let b(z) = 8 + 1 - 3 - 8*z**3 - 5. What is b(k)?
9
Let t(v) = -167 + v + 718 - 158 - 173 - 180. Determine t(-12).
28
Let q = -124 - -138. Suppose 0 = -q*b - 14 + 28. Let x(t) = -2*t**2 - t + 1. Determine x(b).
-2
Suppose -8*k - 27*k = 0. Let b(j) be the third derivative of -1/60*j**5 + 0*j + k + 4/3*j**3 - 9*j**2 + 7/24*j**4. Determine b(8).
0
Suppose -d + 13 = -3*c + d, c - 4*d = 9. Let i be (c - -5)*(-5 + -1). Suppose -14*l + 18*l = i. Let q(g) = -3*g + 3. What is q(l)?
-6
Let a(w) = -w - 2. Let r be -1*(-5)/(-2)*(-2)/1. Let z(j) = 3. Let k(q) = r*z(q) + 6*a(q). Determine k(3).
-15
Suppose -4*x = -2*j + 8, 4*j + 57*x - 11 = 60*x. Let v(n) = -13*n + 13. Give v(j).
-13
Let u be (2/8 - (-3)/(-12))/2. Suppose -5*l - 164 + 169 = u. Let p be (-6 + 24)*l/3. Let k(o) = -o**3 + 5*o**2 + 5*o + 8. Calculate k(p).
2
Let s(d) = 70*d + 39. Let m(c) = 83*c + 39. Let l(j) = 5*m(j) - 6*s(j). What is l(-8)?
1
Let b(x) = 13*x - 2. Let s = 144 - 139. Suppose -3*v - 5 - 17 = -s*g, 4*v = -16. Give b(g).
24
Let a(d) = d**2 + 2*d - 5. Let n = 235 - 232. Calculate a(n).
10
Let z(u) = -3*u - 5. Suppose 3*b - 3 + 15 = 0. Let w be z(b). Let i(o) = 5*o - 1288. Let c(n) = -2*n + 550. Let s(y) = -7*c(y) - 3*i(y). Calculate s(w).
7
Let f(o) = -o**2 - 9*o + 10. Suppose -4*u = -5*u + 4*g + 7, u = 5*g + 7. Suppose -u*l + 2*l = 2*c + 37, 0 = -2*l - 3*c - 6. Determine f(l).
10
Let j(d) = -4*d**2 + 5*d - 10. Suppose 10*h - 5*i = 8*h - 12, -4*h + 5*i - 4 = 0. Calculate j(h).
-54
Let w(b) = -b**3 - 5*b**2 + 5*b + 6. Let h be 4 + -218 + (3 - (2 + -3)). Let f = h - -204. Give w(f).
12
Let g(v) be the second derivative of -56*v - 1/12*v**4 - v**2 + 0 - 1/6*v**3. Determine g(0).
-2
Let h(n) be the second derivative of n**6/360 - 13*n**5/120 - 5*n**4/24 + 13*n**3/2 - 214*n. Let j(k) be the second derivative of h(k). Calculate j(13).
-5
Let j = 159 - 151. Let p(z) = z - 27. Let v(k) = -6*k + 171. Let o(b) = 13*p(b) + 2*v(b). Determine o(j).
-1
Let z = -4 + 6. Suppose z*f - 4 - 4 = 0. Let i(k) = -k - 9. Let l(o) = -o - 14. Let r(y) = -8*i(y) + 5*l(y). Determine r(f).
14
Let s(g) = -g**2 + 8*g - 8. Let w be 6/(-12) + 0 + 38/4. Let x(r) = r**3 - 5*r**2 - 36*r + 8. Let k be x(w). Determine s(k).
-8
Let f(h) = -10*h - 1. Suppose 5*a - 15 = -4*c + 14, c - 1 = 0. Suppose a*k = 1 + 4. Determine f(k).
-11
Let l(t) = -t**3 + 11*t**2 - 3*t - 17. Let m be 264/352 - (-2)/8. Let w(g) = -g**2 + g + 3. Let j(y) = m*l(y) + 6*w(y). Suppose 7*a - 3*a = 20. Determine j(a).
16
Let l(t) = -t**2 - 3*t - 3. Let s(i) = -3*i**3 - 4*i**2 + 2*i**3 + 0*i**2 + i. Let w(x) = -84*x + 164. Let z be w(2). Let y be s(z). What is l(y)?
-7
Let x(p) = -p**2 + 6*p - 1. Let m be x(5). Let v = 325 - 318. Let b(q) = v*q - m*q + q + 12 - 3*q. Give b(-8).
4
Let c(m) = 9*m**2 - 61. Let t(x) = -20*x**2 + 121. Let r(g) = -13*c(g) - 6*t(g). Let h(a) be the first derivative of r(a). Determine h(-1).
-6
Let k(b) = -5*b**2 - 20*b + 12*b**2 + 6*b + 5 - b**2 - 4*b**2. What is k(0)?
5
Let m(o) = 7*o**2 + 14*o + 4. Let j(s) = -6*s**2 - 13*s - 5. Let y be -3 - ((-2655)/54 - 2/(-12)). Let i = 40 - y. Let w(z) = i*j(z) - 5*m(z). What is w(-7)?
3
Suppose -11*k = 5*y - 8*k + 2, 0 = 2*y + k. Let q(x) = -6*x + 14. Calculate q(y).
2
Let i(r) = 258 + 171 + 31*r - 190 - 19*r. What is i(-20)?
-1
Let r(m) = 2*m + 10. Let f be r(-7). Let n = f - -8. Let w(x) be the third derivative of -x**4/24 - x**3/2 - 53*x**2. What is w(n)?
-7
Let r(d) = -d**3 - 22*d**2 + 18*d - 120. Let t = -35922 + 35899. Calculate r(t).
-5
Let o(j) be the first derivative of j